57 = 11*d. What is the remainder when 188 is divided by d?
12
Let g = 2510 - 2493. Let j(y) = y**2 + 4*y + 6. Calculate the remainder when g is divided by j(-4).
5
Suppose -2*q = -c + 1077, 4*q = -c + 7*q + 1072. What is the remainder when c is divided by 13?
8
Suppose -225 = -22*m + 7*m. What is the remainder when 175 is divided by m?
10
Let q = -114 + 97. Let c = 28 + q. Calculate the remainder when 54 is divided by c.
10
Let x = 10 + 67. What is the remainder when x is divided by 39?
38
Suppose -b + 12 + 3 = 0. Suppose 0 = -2*j - 1905 + 1931. What is the remainder when 363/b - (-2)/(-10) is divided by j?
11
Calculate the remainder when 6/(-51) + 83050/187 is divided by 56.
52
Let o(q) = 2 - 2*q**2 + 7 - 13*q + 5*q**2. Let r(t) = -5*t - 8. What is the remainder when o(7) is divided by r(-5)?
14
Let m = -11 + 13. Let v = 17 - 13. Calculate the remainder when (3/9)/(m/90) is divided by v.
3
Let n(t) = -t**2 - 19*t - 6. Let c be n(-19). What is the remainder when 67 is divided by 43 + c + -3*1?
33
Suppose -a + 2*x = -0*x - 116, 5*a - 5*x - 595 = 0. Calculate the remainder when a is divided by 41.
40
Suppose -r = -4*s + 26, 4*r - 2*s + 14 = -4*s. What is the remainder when 1/2*(2 + (-350)/(-7)) is divided by ((-120)/(-16))/(r/(-8))?
6
Let h be 2704/(-56) - (-2)/7. What is the remainder when (5/(-1))/(h/45 + 1) is divided by 19?
18
Let d be (-4)/(-14) - 666/(-21). Let r = d - 10. What is the remainder when r is divided by 13?
9
Let m = 84 + 14. Calculate the remainder when m is divided by 27.
17
Suppose -19 = v - 0*v + 3*q, -q + 57 = -3*v. Let k = v + 37. Calculate the remainder when 142 is divided by k.
16
Let x(a) = 10*a**2 + a. Let o be (24/(-60))/((-1)/60). Suppose -8 = -4*j + 2*l, 4*j - l - o = -3*l. What is the remainder when x(-1) is divided by j?
1
Suppose 21*w + 114 = 22*w. Let c = w - 76. What is the remainder when c is divided by 20?
18
What is the remainder when 42 + 16/(-1 - 7) is divided by 33?
7
Let y(g) = 2*g**3 + 7*g**2 - 10*g + 8. Calculate the remainder when 957 is divided by y(2).
29
Suppose 3*u + 332 = 5*s, -2*s + 200 = -2*u - 28. Let g = -56 - u. Calculate the remainder when g is divided by 23.
17
Let j(n) = -15*n - 37. What is the remainder when 21 is divided by j(-3)?
5
Suppose -4*h + 26 = y, -3*y - 2 = 3*h - 17. Suppose t - 44 = -3*t. Calculate the remainder when t is divided by h.
4
Let x(m) = m + 26. Let y be x(0). Let i = -10 + y. What is the remainder when (-449)/(-11) - i/(-88) is divided by 14?
13
Suppose -2190 = 2*y - 17*y. Suppose 4*c - 4*o = 136, -3*o + y = 4*c - 5*o. Calculate the remainder when 116 is divided by c.
38
Suppose 4*k = -c + 9, 10*c + 102 = 15*c + k. What is the remainder when 2538 is divided by c?
18
Let f(x) = 2*x**3 + 2*x**2 - 8*x + 3. Calculate the remainder when f(3) is divided by 11.
7
Let d = 369 + -343. What is the remainder when 206 is divided by d?
24
Let q = -2 + -1. Let k(t) = -2*t**3 + 7*t**2 + 5*t + 2. Let n be k(4). Calculate the remainder when 3/(n + q) - -3 is divided by 3.
1
Let w be 1/(-2) + 22/4. Suppose -q + w*q - 40 = 4*z, -2*q = 2*z. Let f(a) = a**3 - 10*a**2 + 10*a - 6. Calculate the remainder when q is divided by f(9).
2
Suppose 0 = c + 21 + 3. Let k = 21 + c. Calculate the remainder when 11 is divided by ((-28)/8)/(k/6).
4
Let b = 52 - 16. Let t = 54 - b. Calculate the remainder when t is divided by 11.
7
Suppose -2*z + 6 = z. Suppose -2*o + z*a + 2*a = -10, -4*o + 3*a = -20. Let i(f) = f**2 + 3. What is the remainder when i(-3) is divided by o?
2
Let h = -248 + 253. What is the remainder when h is divided by 4?
1
Let c = -200 - -205. Calculate the remainder when 19 is divided by c.
4
Let s be 3*(1 - 1 - -1). Suppose -4*t = -s*r - t + 21, r + 9 = -3*t. What is the remainder when (-4)/(-10) + 18/10*2 is divided by r?
1
Let u = -14 - -29. Suppose -u = -t - t - b, -4 = 4*b. Let y(p) = p**3 - 7*p**2 - 4*p + 10. Calculate the remainder when y(t) is divided by 15.
12
Let z(o) = 12*o - 3. Let c be z(2). Let v = c + -4. Calculate the remainder when 32 is divided by v.
15
Let a(x) = x**2 + 12*x + 4. Let c(g) = -g**2 - 11*g - 4. Let w(s) = -3*a(s) - 2*c(s). What is the remainder when 14 is divided by w(-13)?
5
Calculate the remainder when 262 is divided by 52/39*(-159)/(-4).
50
Let a(l) = 2*l**3 - 10*l**2 - 12*l + 4. Let z be a(6). Suppose -2*g - 3*o + z*o = -14, 2*o = 5*g - 36. What is the remainder when 37 is divided by g?
5
Let h(j) = -j**3 + 6*j**2 + 24*j + 5. What is the remainder when 2849 is divided by h(7)?
121
What is the remainder when 670 is divided by (28 - 26)*(0 + 8)?
14
Calculate the remainder when 73 is divided by 4/(24/237) - 60/40.
35
Let t be ((-24)/40)/(4/(-60)). Suppose 0 = t*n - 972 + 54. What is the remainder when n is divided by 13?
11
Suppose 248 + 362 = 10*x. What is the remainder when 243 is divided by x?
60
Suppose 3*j + 6 = 4*j. Suppose -138 = -3*m + 3*u, -5*m - 3*u + j*u + 228 = 0. Calculate the remainder when m is divided by 16.
13
What is the remainder when (-320)/(-6) + 9/(-27) is divided by 7?
4
Suppose -4*o + 233 - 81 = 0. Suppose -3*c - 2*j - 1137 = 0, -4*j - 1844 = 4*c - 332. Let n = -231 - c. What is the remainder when n is divided by o?
36
What is the remainder when (-7)/((-14)/4)*275/50 is divided by 2?
1
Suppose 5*g + 11 = 3*o, -3*g + g = o. Let c be (-2 + 3 + -3)/o. Let y = 14 - c. Calculate the remainder when 42 is divided by y.
12
Suppose -289 = -4*l - 5*p, -5*l - 3*p - 2*p = -365. What is the remainder when l is divided by 10?
6
Let y(v) = -v**3 + 3*v**2 + 11*v - 13. Let l be y(6). Calculate the remainder when (-4 - l) + 2*-1 + 4 is divided by 27.
26
Let j = -295 - -314. Calculate the remainder when 298 is divided by j.
13
Calculate the remainder when 43 is divided by (945/(-14))/(-9)*2.
13
Suppose 0 = 5*o - 81 + 26. Suppose 5*s + x - 203 = 0, -18 = -2*s - 3*x + 71. Calculate the remainder when s is divided by o.
7
Let j be (24/16)/((-3)/(-8)). Suppose -3*h = 3*k, h - 20 = -k + j*h. Suppose k*o = -p + 18, 2*p + 4*o - 10 = 14. What is the remainder when 30 is divided by p?
6
Suppose 0*n - 16 = -4*n. Suppose 0 = -4*l + 4*p + 216, 5*p - 5 = n*l - 219. Let z = l - 18. Calculate the remainder when z is divided by 10.
8
Let p = -291 + 508. Calculate the remainder when p is divided by 44.
41
Suppose 2*w + 3 = 5. Suppose 4*p - 7 = w. Suppose 0 = 5*v - p*r - 70, -3*r = 2*r - 25. Calculate the remainder when 47 is divided by v.
15
Suppose 315 + 95 = -2*z. Let b = 328 + z. Calculate the remainder when b is divided by 21.
18
Let r(j) = j**2 - 7*j + 8. Suppose 24 = -0*g + 3*g. What is the remainder when 33/11 - (-26)/1 is divided by r(g)?
13
Let u be 57/21 - 8/(-28). Suppose u*i + 14 - 5 = 0, -i + 16 = a. What is the remainder when a is divided by 12?
7
Let v be (-71)/(-3) + (-5)/(-15). Let j = -8 + v. Calculate the remainder when j is divided by 9.
7
Suppose -10*q = 3*q - 507. Suppose 2*g = q + 39. Calculate the remainder when g is divided by (-1)/(-3) - 41/(-3).
11
Let t(m) = 6*m - 1 + 2*m**2 - 5*m**2 + 2*m**2. What is the remainder when ((-2541)/(-242))/(1/(-4) + 1) is divided by t(5)?
2
Suppose 4*h = -2*h + 72. Suppose 0*i + h = i. Let l = -33 + 54. Calculate the remainder when l is divided by i.
9
Let o(p) = -p**2 + 14*p + 58. What is the remainder when o(13) is divided by 8?
7
Let u = -553 - -600. What is the remainder when 100 is divided by u?
6
Suppose -5*b = -t, 7*b = 4*t + 8*b - 21. What is the remainder when 29 is divided by t?
4
What is the remainder when 187 is divided by (-26)/39 + (-140)/(-3)?
3
Suppose -1614 = -54*o + 60. What is the remainder when 308 is divided by o?
29
Suppose -2*g + 0*g + 106 = -5*t, 2*g = -t + 118. Calculate the remainder when 227 is divided by g.
53
Let q = -16 - -35. Let r = q + -8. Let u = r + 8. Calculate the remainder when u is divided by 10.
9
Suppose 2*h - x = -2*h + 4507, 0 = -2*h + 4*x + 2264. What is the remainder when h is divided by 94?
92
Let u = 2 + -2. Suppose 0*n = 5*k - n - 140, u = 2*k + 3*n - 56. Calculate the remainder when k is divided by 16.
12
Suppose -n - 2*i + 20 = -6*i, -5*i = 0. Let b = 67 + 73. Let x = -62 + b. What is the remainder when x is divided by n?
18
Suppose 2*t = -16 - 14. Let l be t - (1 - 3 - 1). Let f = l + 55. Calculate the remainder when f is divided by 22.
21
Let o b